{"id":23,"date":"2019-06-26T00:54:38","date_gmt":"2019-06-26T00:54:38","guid":{"rendered":"http:\/\/music.flatfull.com\/waveme\/?page_id=23"},"modified":"2021-09-01T09:36:06","modified_gmt":"2021-09-01T09:36:06","slug":"genre","status":"publish","type":"page","link":"https:\/\/somwave.com\/index.php\/browse\/genre\/","title":{"rendered":"G\u00eanero"},"content":{"rendered":"\n<h3 class=\"wp-block-heading\">G\u00eanero M\u00fasica<\/h3>\n\n\n\n\n<div class=\"wp-block-loop wp-block-loop-taxonomy  align\"><div class=\"block-loop-items\" style=\"\"  >\n<div id=\"term-148\" class=\"block-loop-item\">\n\t<figure class=\"post-thumbnail\">\n\t\t<a class=\"post-thumbnail-inner\" href=\"https:\/\/somwave.com\/index.php\/genre\/afro-pop\/\"><img loading=\"lazy\" decoding=\"async\" width=\"250\" height=\"250\" src=\"https:\/\/somwave.com\/wp-content\/uploads\/2021\/09\/oie_817511aANFcpWo.jpg\" class=\"attachment- size-\" alt=\"\" srcset=\"https:\/\/somwave.com\/wp-content\/uploads\/2021\/09\/oie_817511aANFcpWo.jpg 250w, https:\/\/somwave.com\/wp-content\/uploads\/2021\/09\/oie_817511aANFcpWo-150x150.jpg 150w, https:\/\/somwave.com\/wp-content\/uploads\/2021\/09\/oie_817511aANFcpWo-100x100.jpg 100w\" sizes=\"auto, (max-width: 250px) 100vw, 250px\" \/><\/a>\t\t<\/figure>\n\t<header class=\"entry-header\">\n\t\t<a href=\"https:\/\/somwave.com\/index.php\/genre\/afro-pop\/\">Afro Pop<\/a>\t<\/header>\n\n<\/div>\n\n<div id=\"term-78\" class=\"block-loop-item\">\n\t<figure class=\"post-thumbnail\">\n\t\t<a class=\"post-thumbnail-inner\" href=\"https:\/\/somwave.com\/index.php\/genre\/alternativa\/\"><img loading=\"lazy\" decoding=\"async\" width=\"150\" height=\"150\" src=\"https:\/\/somwave.com\/wp-content\/uploads\/2021\/09\/oie_YRAIarqngr0Y.jpg\" class=\"attachment- size-\" alt=\"\" srcset=\"https:\/\/somwave.com\/wp-content\/uploads\/2021\/09\/oie_YRAIarqngr0Y.jpg 150w, https:\/\/somwave.com\/wp-content\/uploads\/2021\/09\/oie_YRAIarqngr0Y-100x100.jpg 100w\" sizes=\"auto, (max-width: 150px) 100vw, 150px\" \/><\/a>\t\t<\/figure>\n\t<header class=\"entry-header\">\n\t\t<a href=\"https:\/\/somwave.com\/index.php\/genre\/alternativa\/\">Alternativa<\/a>\t<\/header>\n\n<\/div>\n\n<div id=\"term-95\" class=\"block-loop-item\">\n\t<figure class=\"post-thumbnail\">\n\t\t<a class=\"post-thumbnail-inner\" href=\"https:\/\/somwave.com\/index.php\/genre\/aprendizagem\/\"><img loading=\"lazy\" decoding=\"async\" width=\"150\" height=\"150\" src=\"https:\/\/somwave.com\/wp-content\/uploads\/2021\/09\/oie_22C9zawW6dGg.jpg\" class=\"attachment- size-\" alt=\"\" srcset=\"https:\/\/somwave.com\/wp-content\/uploads\/2021\/09\/oie_22C9zawW6dGg.jpg 150w, https:\/\/somwave.com\/wp-content\/uploads\/2021\/09\/oie_22C9zawW6dGg-100x100.jpg 100w\" sizes=\"auto, (max-width: 150px) 100vw, 150px\" \/><\/a>\t\t<\/figure>\n\t<header class=\"entry-header\">\n\t\t<a href=\"https:\/\/somwave.com\/index.php\/genre\/aprendizagem\/\">Aprendizagem<\/a>\t<\/header>\n\n<\/div>\n\n<div id=\"term-79\" class=\"block-loop-item\">\n\t<figure class=\"post-thumbnail\">\n\t\t<a class=\"post-thumbnail-inner\" href=\"https:\/\/somwave.com\/index.php\/genre\/audiolivros\/\"><img loading=\"lazy\" decoding=\"async\" width=\"150\" height=\"150\" src=\"https:\/\/somwave.com\/wp-content\/uploads\/2021\/09\/oie_26213537ZPgsbPQi.jpg\" class=\"attachment- size-\" alt=\"\" srcset=\"https:\/\/somwave.com\/wp-content\/uploads\/2021\/09\/oie_26213537ZPgsbPQi.jpg 150w, https:\/\/somwave.com\/wp-content\/uploads\/2021\/09\/oie_26213537ZPgsbPQi-100x100.jpg 100w\" sizes=\"auto, (max-width: 150px) 100vw, 150px\" \/><\/a>\t\t<\/figure>\n\t<header class=\"entry-header\">\n\t\t<a href=\"https:\/\/somwave.com\/index.php\/genre\/audiolivros\/\">Audiolivros<\/a>\t<\/header>\n\n<\/div>\n\n<div id=\"term-80\" class=\"block-loop-item\">\n\t<figure class=\"post-thumbnail\">\n\t\t<a class=\"post-thumbnail-inner\" href=\"https:\/\/somwave.com\/index.php\/genre\/blues\/\"><img loading=\"lazy\" decoding=\"async\" width=\"150\" height=\"150\" src=\"https:\/\/somwave.com\/wp-content\/uploads\/2021\/09\/oie_4uOoZpffKy9m.jpg\" class=\"attachment- size-\" alt=\"\" srcset=\"https:\/\/somwave.com\/wp-content\/uploads\/2021\/09\/oie_4uOoZpffKy9m.jpg 150w, https:\/\/somwave.com\/wp-content\/uploads\/2021\/09\/oie_4uOoZpffKy9m-100x100.jpg 100w\" sizes=\"auto, (max-width: 150px) 100vw, 150px\" \/><\/a>\t\t<\/figure>\n\t<header class=\"entry-header\">\n\t\t<a href=\"https:\/\/somwave.com\/index.php\/genre\/blues\/\">Blues<\/a>\t<\/header>\n\n<\/div>\n\n<div id=\"term-64\" class=\"block-loop-item\">\n\t<figure class=\"post-thumbnail\">\n\t\t<a class=\"post-thumbnail-inner\" href=\"https:\/\/somwave.com\/index.php\/genre\/ciencia\/\"><img loading=\"lazy\" decoding=\"async\" width=\"150\" height=\"150\" src=\"https:\/\/somwave.com\/wp-content\/uploads\/2021\/09\/oie_WAV4H0ik40Q2.jpg\" class=\"attachment- size-\" alt=\"\" srcset=\"https:\/\/somwave.com\/wp-content\/uploads\/2021\/09\/oie_WAV4H0ik40Q2.jpg 150w, https:\/\/somwave.com\/wp-content\/uploads\/2021\/09\/oie_WAV4H0ik40Q2-100x100.jpg 100w\" sizes=\"auto, (max-width: 150px) 100vw, 150px\" \/><\/a>\t\t<\/figure>\n\t<header class=\"entry-header\">\n\t\t<a href=\"https:\/\/somwave.com\/index.php\/genre\/ciencia\/\">Ci\u00eancia<\/a>\t<\/header>\n\n<\/div>\n\n<div id=\"term-83\" class=\"block-loop-item\">\n\t<figure class=\"post-thumbnail\">\n\t\t<a class=\"post-thumbnail-inner\" href=\"https:\/\/somwave.com\/index.php\/genre\/classica\/\"><img loading=\"lazy\" decoding=\"async\" width=\"150\" height=\"150\" src=\"https:\/\/somwave.com\/wp-content\/uploads\/2021\/09\/oie_2621012Wpgrpd5.jpg\" class=\"attachment- size-\" alt=\"\" srcset=\"https:\/\/somwave.com\/wp-content\/uploads\/2021\/09\/oie_2621012Wpgrpd5.jpg 150w, https:\/\/somwave.com\/wp-content\/uploads\/2021\/09\/oie_2621012Wpgrpd5-100x100.jpg 100w\" sizes=\"auto, (max-width: 150px) 100vw, 150px\" \/><\/a>\t\t<\/figure>\n\t<header class=\"entry-header\">\n\t\t<a href=\"https:\/\/somwave.com\/index.php\/genre\/classica\/\">Cl\u00e1ssica<\/a>\t<\/header>\n\n<\/div>\n\n<div id=\"term-84\" class=\"block-loop-item\">\n\t<figure class=\"post-thumbnail\">\n\t\t<a class=\"post-thumbnail-inner\" href=\"https:\/\/somwave.com\/index.php\/genre\/comedia\/\"><img loading=\"lazy\" decoding=\"async\" width=\"150\" height=\"150\" src=\"https:\/\/somwave.com\/wp-content\/uploads\/2021\/09\/oie_2irQdy4wI8qt.jpg\" class=\"attachment- size-\" alt=\"\" srcset=\"https:\/\/somwave.com\/wp-content\/uploads\/2021\/09\/oie_2irQdy4wI8qt.jpg 150w, https:\/\/somwave.com\/wp-content\/uploads\/2021\/09\/oie_2irQdy4wI8qt-100x100.jpg 100w\" sizes=\"auto, (max-width: 150px) 100vw, 150px\" \/><\/a>\t\t<\/figure>\n\t<header class=\"entry-header\">\n\t\t<a href=\"https:\/\/somwave.com\/index.php\/genre\/comedia\/\">Com\u00e9dia<\/a>\t<\/header>\n\n<\/div>\n\n<div id=\"term-86\" class=\"block-loop-item\">\n\t<figure class=\"post-thumbnail\">\n\t\t<a class=\"post-thumbnail-inner\" href=\"https:\/\/somwave.com\/index.php\/genre\/danca\/\"><img loading=\"lazy\" decoding=\"async\" width=\"150\" height=\"150\" src=\"https:\/\/somwave.com\/wp-content\/uploads\/2021\/09\/oie_NPzVqxTXpl2q.jpg\" class=\"attachment- size-\" alt=\"\" srcset=\"https:\/\/somwave.com\/wp-content\/uploads\/2021\/09\/oie_NPzVqxTXpl2q.jpg 150w, https:\/\/somwave.com\/wp-content\/uploads\/2021\/09\/oie_NPzVqxTXpl2q-100x100.jpg 100w\" sizes=\"auto, (max-width: 150px) 100vw, 150px\" \/><\/a>\t\t<\/figure>\n\t<header class=\"entry-header\">\n\t\t<a href=\"https:\/\/somwave.com\/index.php\/genre\/danca\/\">Dan\u00e7a<\/a>\t<\/header>\n\n<\/div>\n\n<div id=\"term-67\" class=\"block-loop-item\">\n\t<figure class=\"post-thumbnail\">\n\t\t<a class=\"post-thumbnail-inner\" href=\"https:\/\/somwave.com\/index.php\/genre\/desporto\/\"><img loading=\"lazy\" decoding=\"async\" width=\"150\" height=\"140\" src=\"https:\/\/somwave.com\/wp-content\/uploads\/2021\/09\/oie_2622556xVO2jxUy.jpg\" class=\"attachment- size-\" alt=\"\" \/><\/a>\t\t<\/figure>\n\t<header class=\"entry-header\">\n\t\t<a href=\"https:\/\/somwave.com\/index.php\/genre\/desporto\/\">Desporto<\/a>\t<\/header>\n\n<\/div>\n<\/div><\/div>\n\n\n<h3 class=\"wp-block-heading\">G\u00eanero Podcast<\/h3>\n\n\n\n\n<div class=\"wp-block-loop wp-block-loop-taxonomy  align\"><div class=\"block-loop-items\" style=\"\"  >\n<div id=\"term-45\" class=\"block-loop-item\">\n\t<figure class=\"post-thumbnail\">\n\t\t\t\t<\/figure>\n\t<header class=\"entry-header\">\n\t\t<a href=\"https:\/\/somwave.com\/index.php\/genre\/music\/\">Music<\/a>\t<\/header>\n\n<\/div>\n\n<div id=\"term-50\" class=\"block-loop-item\">\n\t<figure class=\"post-thumbnail\">\n\t\t\t\t<\/figure>\n\t<header class=\"entry-header\">\n\t\t<a href=\"https:\/\/somwave.com\/index.php\/genre\/podcast\/\">Podcast<\/a>\t<\/header>\n\n<\/div>\n\n<div id=\"term-52\" class=\"block-loop-item\">\n\t<figure class=\"post-thumbnail\">\n\t\t<a class=\"post-thumbnail-inner\" href=\"https:\/\/somwave.com\/index.php\/genre\/pop\/\"><img loading=\"lazy\" decoding=\"async\" width=\"150\" height=\"150\" src=\"https:\/\/somwave.com\/wp-content\/uploads\/2021\/09\/oie_262127296Ed1Ihjq.jpg\" class=\"attachment- size-\" alt=\"\" srcset=\"https:\/\/somwave.com\/wp-content\/uploads\/2021\/09\/oie_262127296Ed1Ihjq.jpg 150w, https:\/\/somwave.com\/wp-content\/uploads\/2021\/09\/oie_262127296Ed1Ihjq-100x100.jpg 100w\" sizes=\"auto, (max-width: 150px) 100vw, 150px\" \/><\/a>\t\t<\/figure>\n\t<header class=\"entry-header\">\n\t\t<a href=\"https:\/\/somwave.com\/index.php\/genre\/pop\/\">Pop<\/a>\t<\/header>\n\n<\/div>\n\n<div id=\"term-55\" class=\"block-loop-item\">\n\t<figure class=\"post-thumbnail\">\n\t\t<a class=\"post-thumbnail-inner\" href=\"https:\/\/somwave.com\/index.php\/genre\/rb-soul\/\"><img loading=\"lazy\" decoding=\"async\" width=\"150\" height=\"150\" src=\"https:\/\/somwave.com\/wp-content\/uploads\/2021\/09\/oie_26213140Kb6R2JHK.jpg\" class=\"attachment- size-\" alt=\"\" srcset=\"https:\/\/somwave.com\/wp-content\/uploads\/2021\/09\/oie_26213140Kb6R2JHK.jpg 150w, https:\/\/somwave.com\/wp-content\/uploads\/2021\/09\/oie_26213140Kb6R2JHK-100x100.jpg 100w\" sizes=\"auto, (max-width: 150px) 100vw, 150px\" \/><\/a>\t\t<\/figure>\n\t<header class=\"entry-header\">\n\t\t<a href=\"https:\/\/somwave.com\/index.php\/genre\/rb-soul\/\">R&amp;B\/Soul<\/a>\t<\/header>\n\n<\/div>\n\n<div id=\"term-56\" class=\"block-loop-item\">\n\t<figure class=\"post-thumbnail\">\n\t\t\t\t<\/figure>\n\t<header class=\"entry-header\">\n\t\t<a href=\"https:\/\/somwave.com\/index.php\/genre\/radio\/\">Radio<\/a>\t<\/header>\n\n<\/div>\n\n<div id=\"term-60\" class=\"block-loop-item\">\n\t<figure class=\"post-thumbnail\">\n\t\t<a class=\"post-thumbnail-inner\" href=\"https:\/\/somwave.com\/index.php\/genre\/religiao-e-espiritualidade\/\"><img loading=\"lazy\" decoding=\"async\" width=\"150\" height=\"150\" src=\"https:\/\/somwave.com\/wp-content\/uploads\/2021\/09\/oie_cBc9WiTAJDlj.jpg\" class=\"attachment- size-\" alt=\"\" srcset=\"https:\/\/somwave.com\/wp-content\/uploads\/2021\/09\/oie_cBc9WiTAJDlj.jpg 150w, https:\/\/somwave.com\/wp-content\/uploads\/2021\/09\/oie_cBc9WiTAJDlj-100x100.jpg 100w\" sizes=\"auto, (max-width: 150px) 100vw, 150px\" \/><\/a>\t\t<\/figure>\n\t<header class=\"entry-header\">\n\t\t<a href=\"https:\/\/somwave.com\/index.php\/genre\/religiao-e-espiritualidade\/\">Religi\u00e3o e Espiritualidade<\/a>\t<\/header>\n\n<\/div>\n<\/div><\/div>\n\n\n<p><\/p>\n","protected":false},"excerpt":{"rendered":"<p>G\u00eanero M\u00fasica G\u00eanero Podcast<\/p>\n","protected":false},"author":1,"featured_media":0,"parent":10,"menu_order":6,"comment_status":"closed","ping_status":"closed","template":"","meta":{"type":"","auto_type":false,"post":"","stream":"","stream_url":"","waveform_data":[],"duration":0,"bpm":0,"downloadable":false,"download_url":"","purchase_title":"","purchase_url":"","post-count-all":0,"like_count":0,"download_count":0,"editor_note":"","copyright":"","footnotes":""},"class_list":["post-23","page","type-page","status-publish","hentry","entry",""],"aioseo_notices":[],"_links":{"self":[{"href":"https:\/\/somwave.com\/index.php\/wp-json\/wp\/v2\/pages\/23","targetHints":{"allow":["GET"]}}],"collection":[{"href":"https:\/\/somwave.com\/index.php\/wp-json\/wp\/v2\/pages"}],"about":[{"href":"https:\/\/somwave.com\/index.php\/wp-json\/wp\/v2\/types\/page"}],"author":[{"embeddable":true,"href":"https:\/\/somwave.com\/index.php\/wp-json\/wp\/v2\/users\/1"}],"replies":[{"embeddable":true,"href":"https:\/\/somwave.com\/index.php\/wp-json\/wp\/v2\/comments?post=23"}],"version-history":[{"count":4,"href":"https:\/\/somwave.com\/index.php\/wp-json\/wp\/v2\/pages\/23\/revisions"}],"predecessor-version":[{"id":1700,"href":"https:\/\/somwave.com\/index.php\/wp-json\/wp\/v2\/pages\/23\/revisions\/1700"}],"up":[{"embeddable":true,"href":"https:\/\/somwave.com\/index.php\/wp-json\/wp\/v2\/pages\/10"}],"wp:attachment":[{"href":"https:\/\/somwave.com\/index.php\/wp-json\/wp\/v2\/media?parent=23"}],"curies":[{"name":"wp","href":"https:\/\/api.w.org\/{rel}","templated":true}]}}